{"id":12,"date":"2022-09-07T16:55:42","date_gmt":"2022-09-07T14:55:42","guid":{"rendered":"https:\/\/ideance.net\/blog\/?page_id=12"},"modified":"2024-12-13T10:38:22","modified_gmt":"2024-12-13T09:38:22","slug":"aide-a-la-navigation","status":"publish","type":"page","link":"https:\/\/ideance.net\/blog\/aide-a-la-navigation\/","title":{"rendered":"Aide \u00e0 la navigation"},"content":{"rendered":"<p class=\"ice-block is-chapo\">Nous vous pr\u00e9cisons ici toutes les aides mises \u00e0 disposition pour faciliter votre navigation et la consultation des contenus du blog Ideance.<\/p>\n<h2>\u00c9l\u00e9ments de navigation \u00e0 disposition sur le blog<\/h2>\n<h3>Le logo principal<\/h3>\n<p>Sur les pages internes, le logo Ideance le blog affich\u00e9 dans la banni\u00e8re permet de se rendre sur la page d\u2019accueil du blog.<\/p>\n<h3>Le menu d\u2019acc\u00e8s rapide<\/h3>\n<p>Dans la banni\u00e8re, avant le logo Ideance le blog, un menu d\u2019acc\u00e8s rapide est propos\u00e9. Il contient&nbsp;:<\/p>\n<ul>\n<li>Un lien d\u2019\u00e9vitement <a href=\"#main-content\">Aller au contenu<\/a>. L\u2019activation de ce lien vous permet, via le clavier ou votre technologie d&rsquo;assistance, d\u2019atteindre directement la zone de contenu principal.<\/li>\n<li>Un lien <a href=\"https:\/\/ideance.net\/blog\/categories\/\">Aller aux cat\u00e9gories<\/a> permettant de consulter les diff\u00e9rentes cat\u00e9gories des articles publi\u00e9s puis d&rsquo;atteindre les billets concern\u00e9s.<\/li>\n<li>Un lien permettant d\u2019acc\u00e9der directement \u00e0 cette pr\u00e9sente page d\u2019aide \u00e0 la navigation.<\/li>\n<\/ul>\n<h3>Le moteur de recherche<\/h3>\n<p>Sur l&rsquo;ensemble des pages, un moteur de recherche est disponible et utilisable \u00e0 l&rsquo;aide du champ de saisie appel\u00e9 \u00ab&nbsp;Rechercher sur le blog&nbsp;\u00bb.<\/p>\n<h3>Le pied de page<\/h3>\n<p>En bas de page, les liens suivants vous permettent d\u2019acc\u00e9der \u00e0 des pages compl\u00e9mentaires ainsi qu&rsquo;au <a href=\"https:\/\/ideance.net\/\">site d&rsquo;Ideance<\/a>&nbsp;:<\/p>\n<ul>\n<li><a href=\"https:\/\/ideance.net\/\">Le site d&rsquo;Ideance<\/a><\/li>\n<li><a href=\"https:\/\/ideance.net\/fr\/ressources-accessibilite-numerique\/\">Ressources d\u2019accessibilit\u00e9<\/a><\/li>\n<li><a href=\"https:\/\/ideance.net\/fr\/glossaire-accessibilite\/\">Lexically (glossaire)<\/a><\/li>\n<li><a href=\"https:\/\/ideance.net\/blog\/mentions-legales-protection-donnees-personnelles\/\">Mentions l\u00e9gales et protection des donn\u00e9es personnelles<\/a><\/li>\n<li><a href=\"https:\/\/ideance.net\/blog\/accessibilite-et-conformite-au-rgaa\/\">Accessibilit\u00e9 \u2013 Site conforme au RGAA<\/a><\/li>\n<\/ul>\n<h2>Fonctionnalit\u00e9s disponibles dans votre environnement<\/h2>\n<p>En parall\u00e8le des aides \u00e0 disposition, le site a \u00e9t\u00e9 con\u00e7u de mani\u00e8re \u00e0 donner la possibilit\u00e9 \u00e0 votre navigateur ou votre syst\u00e8me d\u2019exploitation de tirer pleinement partie de ses propres fonctionnalit\u00e9s.<\/p>\n<h3>Agrandissement de la taille des caract\u00e8res<\/h3>\n<p>Sur la totalit\u00e9 des pages du site, vous avez la possibilit\u00e9 d\u2019agrandir ou de r\u00e9duire la taille des caract\u00e8res.<\/p>\n<p>Si vous \u00eates sur PC, utilisez la combinaison de touches <kbd>Ctrl<\/kbd>&nbsp;+&nbsp;<kbd>+<\/kbd> pour agrandir la taille des caract\u00e8res. La combinaison de touches <kbd>Ctrl<\/kbd>&nbsp;+&nbsp;<kbd>-<\/kbd> permet quant \u00e0 elle de r\u00e9duire la taille des caract\u00e8res. Des appuis successifs sur ces touches vous permettent d\u2019augmenter ou de diminuer la taille des caract\u00e8res par paliers. Notez \u00e9galement que la combinaison de touches <kbd>Ctrl<\/kbd>&nbsp;+&nbsp;<kbd>0<\/kbd> (le chiffre \u00ab&nbsp;z\u00e9ro&nbsp;\u00bb) vous permet de revenir \u00e0 la taille du texte par d\u00e9faut.<\/p>\n<p>Sous Mac, il vous suffit de remplacer dans les combinaisons annonc\u00e9es ci-dessus la touche <kbd>Ctrl<\/kbd> par la touche <kbd>Cmd<\/kbd> pour effectuer les m\u00eames actions.<\/p>\n<h3>Navigation au clavier<\/h3>\n<p>Ce site a \u00e9t\u00e9 con\u00e7u de mani\u00e8re \u00e0 permettre la navigation au clavier sur la totalit\u00e9 des pages.<\/p>\n<p>Dans la plupart des cas, il vous suffit d&rsquo;utiliser la touche Tabulation de votre clavier pour naviguer successivement d\u2019un \u00e9l\u00e9ment cliquable \u00e0 un autre \u00e9l\u00e9ment cliquable dans la page.<br \/>Inversement, si vous souhaitez remonter dans le sens inverse de la lecture, utiliser la combinaison de touches <kbd>Maj<\/kbd>&nbsp;+&nbsp;Tabulation.<\/p>\n<h3>D\u00e9couvrir les fonctionnalit\u00e9s d\u2019accessibilit\u00e9 de votre environnement<\/h3>\n<p>N\u2019h\u00e9sitez pas \u00e0 vous renseigner sur les diff\u00e9rentes fonctionnalit\u00e9s et options propos\u00e9es par votre navigateur ou votre syst\u00e8me d\u2019exploitation. Voici quelques ressources qui peuvent vous \u00eatre utiles.<\/p>\n<ul>\n<li><a href=\"https:\/\/www.microsoft.com\/fr-fr\/accessibility\/windows?activetab=pivot_1%3aprimaryr2\">Fonctionnalit\u00e9s d\u2019accessibilit\u00e9 de <strong>Windows<\/strong><\/a><\/li>\n<li><a href=\"https:\/\/support.apple.com\/fr-fr\/guide\/mac-help\/mh35884\/mac\">Utiliser les fonctions d\u2019accessibilit\u00e9 sur <strong>Mac<\/strong><\/a><\/li>\n<li><a href=\"https:\/\/support.mozilla.org\/fr\/kb\/fonctionnalites-accessibilite-adapter-firefox-tous-utilisateurs\">Fonctionnalit\u00e9s d\u2019accessibilit\u00e9 dans <strong>Firefox<\/strong><\/a><\/li>\n<\/ul>\n<h2>Nous contacter<\/h2>\n<p>Malgr\u00e9 toute la vigilance que nous avons apport\u00e9e \u00e0 ce blog et \u00e0 ses contenus, si vous rencontrez la moindre difficult\u00e9, n\u2019h\u00e9sitez pas \u00e0 nous contacter&nbsp;:<\/p>\n<ul>\n<li><strong>Par email&nbsp;<\/strong>: en nous \u00e9crivant \u00e0 l\u2019adresse suivante&nbsp;: <a href=\"mailto:contact@ideance.fr\">contact@ideance.fr<\/a>.<\/li>\n<li><strong>Par t\u00e9l\u00e9phone&nbsp;<\/strong>: en nous appelant au <a href=\"tel:+33278775982\">+33&nbsp;(0)2&nbsp;78&nbsp;77&nbsp;59&nbsp;82<\/a>. Ce num\u00e9ro est disponible du lundi au vendredi, de 09h00 \u00e0 18h00 (heure de Paris).<\/li>\n<li><strong>Par voie postale&nbsp;<\/strong>: en nous \u00e9crivant \u00e0 l\u2019adresse suivante&nbsp;:<br \/>Ideance, 23 rue des Sources, 76160 Saint-L\u00e9ger-du-Bourg-Denis, France.<\/li>\n<\/ul>\n","protected":false},"excerpt":{"rendered":"<p>Nous vous pr\u00e9cisons ici toutes les aides mises \u00e0 disposition pour faciliter votre navigation et la consultation des contenus du blog Ideance. \u00c9l\u00e9ments de navigation \u00e0 disposition sur le blog Le logo principal Sur les pages internes, le logo Ideance le blog affich\u00e9 dans la banni\u00e8re permet de se rendre sur la page d\u2019accueil du&hellip;<\/p>\n","protected":false},"author":3,"featured_media":0,"parent":0,"menu_order":0,"comment_status":"closed","ping_status":"closed","template":"","meta":{"_acf_changed":false,"footnotes":""},"class_list":["post-12","page","type-page","status-publish","hentry"],"acf":[],"_links":{"self":[{"href":"https:\/\/ideance.net\/blog\/wp-json\/wp\/v2\/pages\/12","targetHints":{"allow":["GET"]}}],"collection":[{"href":"https:\/\/ideance.net\/blog\/wp-json\/wp\/v2\/pages"}],"about":[{"href":"https:\/\/ideance.net\/blog\/wp-json\/wp\/v2\/types\/page"}],"author":[{"embeddable":true,"href":"https:\/\/ideance.net\/blog\/wp-json\/wp\/v2\/users\/3"}],"replies":[{"embeddable":true,"href":"https:\/\/ideance.net\/blog\/wp-json\/wp\/v2\/comments?post=12"}],"version-history":[{"count":22,"href":"https:\/\/ideance.net\/blog\/wp-json\/wp\/v2\/pages\/12\/revisions"}],"predecessor-version":[{"id":3295,"href":"https:\/\/ideance.net\/blog\/wp-json\/wp\/v2\/pages\/12\/revisions\/3295"}],"wp:attachment":[{"href":"https:\/\/ideance.net\/blog\/wp-json\/wp\/v2\/media?parent=12"}],"curies":[{"name":"wp","href":"https:\/\/api.w.org\/{rel}","templated":true}]}}